619, -14*v + 9*v = -15. Is 9 - 15 - a/1 - -3 prime?
True
Let l(w) = 17*w**2 - 11 - 7 + 2 + 2*w. Let g = 2878 - 2889. Is l(g) a composite number?
True
Let b(x) be the first derivative of -x**4/4 - 8*x**3/3 + 33*x**2/2 - 17*x + 53. Is b(-14) prime?
False
Let h be (-1 - -7)*(2 - (-12)/(-9)). Is 1568 + 18/h*(-30)/45 a prime number?
False
Let w = 231 + -226. Let n(x) = x**3 + 2*x**2 - 14*x + 22. Is n(w) prime?
True
Suppose 3*r - 5627 = -3*w + w, 0 = 4*r - 2*w - 7526. Let t = r + -1265. Is t composite?
True
Suppose -4*i + 222*k - 225*k = -207377, -k - 155536 = -3*i. Is i prime?
False
Suppose -55618 = 10*t - 189888. Suppose 3*b + t = 4*a, 4*a - 3*a - 4*b = 3373. Is a a composite number?
True
Let n be (27/6 - 5)*(-12)/1. Suppose -n*h - 38120 = -11*h. Suppose h = 5*m - 661. Is m composite?
False
Suppose -9*b - 35 = -98. Let t(y) = -4*y - 17 + 7*y**3 - b*y**3 - 10*y**2 + y**3. Is t(12) a composite number?
False
Suppose -f = -5*d + 11, 4*f = -d + 1 - 3. Suppose 4824 = 3*s - 4*a, d*a = 3*s - 3771 - 1053. Let r = s + -1081. Is r composite?
True
Suppose -3*v - 567 = 6*v. Let m = -63 - v. Is (1318/(-2))/((1 + m)*-1) a composite number?
False
Let l(t) = 3607*t + 572. Is l(9) a prime number?
False
Is (3 + ((-6281492)/(-8) - 1))*(-36)/(-54) prime?
True
Suppose 2*l = -0*z - 5*z + 15, -l - z = -3. Let i be (l/(-2))/((2/(-2))/(-1)). Suppose i = 57*g - 58*g + 287. Is g prime?
False
Let a be -39*-6*(64/18)/4. Let r = -27 - a. Is (r/5)/(4/(-4)) composite?
False
Let b(o) = 5*o**2 - 26036 - o**2 + 3*o + 26040. Let p(h) = 2*h**2 - h. Let f be p(-1). Is b(f) a prime number?
False
Let h be 92/24 + 3/18. Suppose 0*s = -h*s + 21536. Suppose -7*p + s = p. Is p composite?
False
Suppose -19 = -g - 12. Suppose 0 = 2*z - 4*t - 10, -g*z + 2*z = -t - 34. Let a(s) = 6*s**3 - 18*s**2 + 3*s + 8. Is a(z) a composite number?
True
Suppose -3*p - o - 2*o = -111, -5*p - 2*o = -182. Let n = p - 32. Suppose 0 = 4*b + 5*w - 6507, n*b + 2*w - 2472 = 4050. Is b prime?
False
Let m(b) = b**2 - 13*b + 1. Let a be m(22). Is 2/(-4)*a*(43 - 45) composite?
False
Let y = 861 - 246. Suppose -7*f - 16 = -11*f, l - y = 4*f. Is l a prime number?
True
Let h be 4/10 - (-6 - 192/(-30)). Suppose 7 = 5*v - d, -3*v - d - 1 + 2 = h. Is (v - -37)*(25/2 - 3) prime?
False
Let c = 418 + -303. Let k = c - -858. Is k a composite number?
True
Suppose 126*v - 114007983 + 35016441 = 0. Is v a prime number?
True
Suppose -3*r + 120 = 2*r. Let g be 2*r/(-4)*(-8)/3. Suppose 5*a - 2*k - g - 46 = 0, -74 = -5*a + k. Is a a prime number?
False
Is (717830 + -17)*3/27 a composite number?
False
Let b be 1*3/(-9) + 57/9. Suppose b*l = 7*l - 521. Is (1 + -1 - -1)*(l + -24) a composite number?
True
Suppose 3*a - 80930 = -4*o, 3*o + 10*a - 7*a - 60699 = 0. Is o a prime number?
True
Let j = 52636 - 3359. Is j a composite number?
False
Suppose -88 = 47*b - 25*b. Let m(p) = 317*p + 19. Let w(n) = -633*n - 39. Let l(x) = -5*m(x) - 2*w(x). Is l(b) a prime number?
True
Suppose 4*h = 2*f + 16624, f + 2129 = -h - 6168. Let c = f + 19443. Is c a prime number?
False
Let v(c) = 153489*c + 805. Is v(12) composite?
True
Let a = 52 - 43. Suppose -m + a = -z, -3*z - 61 = -5*m - 6*z. Suppose -v + m*v = 2930. Is v a composite number?
False
Let c be -47135*((-27)/(-15) + -2). Suppose 100 = -3*l + c. Is l a prime number?
True
Let j(k) = k**3 - 30*k**2 + 1. Let d be j(30). Is 54/9 + (-4)/d - -2075 prime?
False
Let z be (2 + 0)/2 - 2603 - -4. Let s = 536 - z. Is s composite?
True
Let h(l) = -20*l - 35. Let b = 123 + -78. Suppose 15 = -n - 4*f, 4*f = 3*n + f + b. Is h(n) a composite number?
True
Suppose -v - 43467 = 115*z - 110*z, 0 = -v + 3. Let k = z + 19707. Is k a composite number?
True
Let l = 86256 - -45965. Is l a composite number?
True
Let o(d) = 47*d**2 + 22*d + 2. Let j(a) = a**3 + 40*a**2 - 40*a + 48. Let v be j(-41). Is o(v) a prime number?
True
Suppose -3*f + 36*w + 7913573 = 38*w, -3*f - 4*w = -7913569. Is f composite?
True
Let w(p) = 1160*p**2 - 64*p - 263. Is w(-9) prime?
True
Suppose 0 = -5*b - 20, 2*p - b - b = 2. Let h(s) = s**3 + s**2 - 3*s - 2. Let r be h(p). Let i = r - -408. Is i a prime number?
True
Suppose -26982986 = -39*u + 9616057. Is u prime?
True
Suppose 38*m + 588 = 34*m. Let z = m - -1285. Is z a prime number?
False
Is 36/4 - (-8903846)/7 a composite number?
False
Is (16/(-32))/((-1)/404366) a prime number?
True
Let k be (-3 - -2)*(-7 - -4). Suppose 5*x + k*b - 15 = 18, -x - 3 = 3*b. Is -3*(-1545)/x + 0 a composite number?
True
Let m = 490227 - 61666. Is m a prime number?
False
Suppose -3*i = -7*i + 5340. Suppose -3*k + 1257 = 3*q, 63 - i = -3*k + 2*q. Suppose l - 211 = 7*o - 2*o, -2*l = -3*o - k. Is l a composite number?
False
Suppose 10*o + 24649 = 15*o - 3*k, -3*k = 9. Suppose 7*i - o = 10535. Is i prime?
False
Suppose 32*c + 5848 = 36*c. Let y = 517 + c. Is y composite?
False
Suppose 28*q = 1201204 + 842992. Is q prime?
False
Suppose 0 = 9*y - 16*y + 29400. Let l = y + 2137. Is l composite?
False
Is 13/3 + 14/21 + 39806 a composite number?
True
Let j = -6644 - -25062. Is j a composite number?
True
Let h(p) = p**3 + 38*p**2 + 9*p + 62. Let i be h(-33). Suppose -14*x + 83354 = -i. Is x prime?
False
Suppose -787 - 146064 = -59*a. Is a composite?
True
Suppose -12 = -3*l + 2*q, -l - 15 = -4*l + 3*q. Suppose -4*t = -5*p - 2*t + 173469, t = -l*p + 69384. Is p composite?
False
Is (202874/20 - (-88)/(-440))/((-4)/(-8)) composite?
False
Let g(i) = -9*i + 2. Let a be g(1). Let q = a + 7. Suppose -d - 1017 = -4*k, 3*k - 3*d - 182 - 592 = q. Is k composite?
True
Suppose 3*k - 431 = 2*t, 2*k + 14*t = 9*t + 300. Is k composite?
True
Let l = 8488 + -5614. Suppose -12*w + l = -9*w. Is w a composite number?
True
Let c(y) = 89*y + 41. Let f(o) = -90*o - 42. Let t(g) = 7*c(g) + 6*f(g). Is t(6) a composite number?
True
Let i be (-7)/(-8)*29902 - (-12)/16. Let f = -11796 + i. Is f prime?
True
Suppose 5*a = 7*a - 10. Suppose 5*j = -a*j + 16930. Is j prime?
True
Let y(u) = 89*u + 256 - 35 - 195*u - 256*u. Is y(-48) a prime number?
True
Let m(r) = 1259*r + 36. Suppose -632*p = -629*p - 33. Is m(p) prime?
False
Let s(o) = -317*o + 1031. Is s(-10) composite?
False
Let g(f) be the first derivative of f**4/2 - 5*f**3 + 3*f**2 + 10*f + 14. Let y be g(7). Suppose z - 144 = -b + 2*z, 0 = -y*z + 15. Is b prime?
True
Suppose g = 6*g + 2*c - 18, -4*g + 2*c = 0. Is (4214 + 75)*1*g*1 a prime number?
False
Let h(l) = 14 + 3*l + 16 - 17*l. Let s be h(-10). Suppose 3*d - 749 = -4*p, p - 3*d - 2*d - s = 0. Is p a composite number?
True
Let r = 66 + -34. Suppose -2067 = -r*u + 33*u. Let i = -430 - u. Is i prime?
True
Suppose 0 = 2*l + 48 - 4. Let n(k) = -3 - 5*k - 6*k + 2*k**2 + 2*k. Is n(l) composite?
False
Let v(k) = 1. Let u(z) = 7*z**2 - 44*z - 190. Let a(r) = u(r) + 3*v(r). Is a(-30) prime?
True
Suppose -9*y - 234 = -11*y. Let w = 68 + y. Is w a composite number?
True
Let s be 1*(-3)/15 + (-155)/(-25). Suppose s*c = 3*c + 4*f + 15381, 2*c + 5*f - 10254 = 0. Is c prime?
False
Suppose 0 = 3*w - q - 9, 5*w - 4 = -0*q - 2*q. Suppose 2*k - 151 = n, 0 = w*k - 4*n - 84 - 52. Let o = k + -1. Is o a prime number?
False
Suppose -273*h + 301*h = 329028. Is h a composite number?
True
Let l = -156 + 141. Let u be (-6)/4*20/l - 4. Let z(y) = -1115*y - 11. Is z(u) a prime number?
False
Let t be -1 + (-184)/(2 - 6). Suppose 52*u - t*u = 8099. Is u a prime number?
False
Suppose 34 = 5*p + 14. Suppose -p*l + 110 = 5*u, -2*u + 4*l - 10 + 26 = 0. Let b = u + 13. Is b a composite number?
False
Suppose v + 89 - 87 = 0. Is (-4)/v + (-36984)/(-24) a prime number?
True
Let k(b) = 3466*b**2 + 9*b + 36. Is k(7) prime?
True
Let g(c) = -c**2 + c + 5. Let u be g(2). Suppose 1775 + 2530 = u*w. Suppose 0 = 5*q + 2*q - w. Is q prime?
False
Suppose 5*k - 3356183 = g, 6*k = 5*k - 4*g + 671245. Is k composite?
True
Suppose 330*p - 70*p - 25650968 = 32934052. Is p a composite number?
True
Let u = -21062 - -327283. Is u composite?
True
Suppose -2*t + 1775 - 10797 = 0. Let o = -2204 - t. Is o composite?
True
Suppose -4*d + 5*u = -28, 11 = -5*u - 9. Suppose -d*z = -2*b - 18514, -6*b = -z - 2*b + 9251. Is z composite?
True
Let f be (1 + -3 + -2 - -5)*-10. Let b(x) = 16*x + 17. Let d be b(f). Let y = d + 654. Is y a composite number?
True
Suppose 57*a = -943099 + 15725593. Is a composite?
True
